. Let p(w) = w**2 + 7*w + 12. What is p(y)?
2
Let b(g) = 8*g + 9. Let f(i) = 6*i + 7. Let v(z) = 2*b(z) - 3*f(z). Let n be (0 - 3)/(3/4). Give v(n).
5
Let q be -5*(0 + 3)/(-3). Suppose q*u + 0*t - 3 = -3*t, 1 = 3*u + t. Let c(b) = -b**2 + 1. Give c(u).
1
Suppose 0 = 4*g + g. Suppose g = -3*x + c + 5 + 6, 4*c = -3*x + 16. Let u = x - 3. Let o(f) = -5*f**2 - f. Give o(u).
-6
Let v(k) be the second derivative of -k**5/20 - 19*k**2/2 + 271*k. Determine v(0).
-19
Let b(y) = -y**2 - 4*y + 24. Let m be b(-6). Suppose u + v = 0, -2*v + 42 = -4*u + m. Let x(i) = i**2 + 5*i - 3. Give x(u).
-3
Suppose -4*w + 13 = -2*c - 3, -3*w - 14 = 5*c. Let y be (-7 - c - -1) + 4. Let u(z) = z**3 - z**2 + z - 2. What is u(y)?
4
Let b(q) = 3*q + 12. Suppose 18*m = -37 - 53. Give b(m).
-3
Let a(y) = 0*y + 7*y + y - 8*y - y - 18. Give a(-11).
-7
Suppose 93 = 5*c + 83. Let n be ((-16)/40)/(((-2)/c)/(-25)). Let g(k) = k**2 + 10*k + 2. Calculate g(n).
2
Let t(l) = 4*l**3 - 3*l**2 + 6. Let v(z) = z**3 - z**2 + z + 1. Let d(w) = t(w) - 3*v(w). Let j(b) = -b**3 + b - 1. Let x(y) = -d(y) - 4*j(y). Determine x(1).
3
Let l = 621 + -627. Let o(m) = -m**3 - 7*m**2 - 7. Give o(l).
-43
Suppose -3*q - 22 = -2*c, -3*q + 1 = 5*c - 12. Let r(o) = -o**2 + o. Calculate r(q).
-20
Let n(l) = 2 + 0*l - l + 2*l. Let y(d) = -d - 3. Let q be y(-6). Suppose q*z + 5 = 2. What is n(z)?
1
Suppose 16*f = 12*f + 224. Suppose -15*v = -29*v + f. Let l(k) = -6*k + 5. Determine l(v).
-19
Let y(j) = 7*j - 34. Let i(n) = 6*n - 27. Let s(t) = -6*i(t) + 5*y(t). What is s(3)?
-11
Let i(y) = 12 - 4*y - 19 - 9 + 5*y. Calculate i(0).
-16
Let o(s) = 2*s - 5. Let q(h) = -h**3 + h - 4. Let b be q(0). Let y be (-3)/1 + 4 - b. Calculate o(y).
5
Suppose 62 - 55 = 7*a. Let z(v) = -18*v - 9. Let j(q) = -6*q - 3. Let x(o) = 8*j(o) - 3*z(o). Let y(r) = 12*r + 7. Let g(w) = -9*x(w) + 4*y(w). What is g(a)?
-5
Let n(f) = 4*f**2 + f - 2. Let r(j) = 2*j**2 + j - 1. Let c(w) = -2*n(w) + 5*r(w). Let x be c(-3). Let u(g) = -g**3 + 7*g**2 + 8*g - 7. What is u(x)?
-7
Let d(a) = -1 - a**3 + 18*a**2 - 4*a - 21*a**2 - 2 + 0*a**2. Let b = -17 - -9. Let q = b + 5. Calculate d(q).
9
Let q(o) = -2*o - 3*o**3 + o - 4*o**3 - 5 + 6*o**3 - 23*o**2 + 16*o**2. What is q(-7)?
2
Let k(p) = 4*p**3 - 5*p - 1. Let g(b) = -5*b**3 + 7*b + 2. Let d(c) = 3*g(c) + 4*k(c). What is d(-2)?
-8
Let h(u) = 20 - 9 - 7 + u - 7. Calculate h(8).
5
Let a(u) = -u + 13. Suppose q = 2*x - 14, 0*x + 4*q = -5*x + 61. Determine a(x).
4
Suppose 5*k + 4*v - 14 = 0, 4*v + 0*v - 4 = 0. Suppose -1 - k = -y. Let x(n) = 276*n + 299*n + 5 - 856*n + 280*n. Calculate x(y).
2
Suppose 2*w - 5*w = -15. Suppose 30 = -8*l + 13*l. Suppose w*z = -9 - l. Let i(q) = 2*q**2 + 3*q - 4. Give i(z).
5
Let d(i) be the third derivative of -5*i**4/24 - 5*i**3/6 + i**2. Suppose -30*j = 6254 - 6104. What is d(j)?
20
Let u(k) = k**3 - 17*k**2 - 17*k - 21. Let t(p) = p**2 - 27*p + 194. Let v be t(16). What is u(v)?
-3
Let t(i) = 2*i + 3. Let s be ((-12)/(-10) + (-3)/15)*-6. Calculate t(s).
-9
Let n be 416/48 + 14/(-21). Let m(d) = 5*d - 44. Determine m(n).
-4
Let a(g) = 2*g**2 - 21*g. Let o(l) = l**3 + 7*l**2 + 19*l + 29. Let v be o(-2). Calculate a(v).
11
Let w(g) = -4*g**3 + 14 - 4 - 5 + g**2 - 2*g - 4. Let b be w(1). Let d(u) = -u**2 - 5*u + 4. Calculate d(b).
8
Let c(g) be the second derivative of -g**5/20 - g**4/4 - 5*g**3/6 - 3*g**2/2 + 3*g + 29. Determine c(-3).
12
Let f(l) = 31*l. Let i(s) = s**3 - 27*s**2 - 3*s + 82. Let o be i(27). Give f(o).
31
Let y(h) = 2*h + 8. Let g(v) = 2*v + 10. Let p(o) = 5*g(o) - 6*y(o). Determine p(-2).
6
Suppose 4*m - 52 = 2*w, 40 - 6 = 2*m - 3*w. Suppose -5*v = y + m + 14, 4*y - v = 5. Let n(h) = h + 17. Give n(y).
17
Let c(x) = -x**3 + 6*x**2 + x + 6. Suppose -23*y + 25*y - 14 = 0. Calculate c(y).
-36
Let u(m) be the first derivative of m**4/6 + m**3/2 + 3*m**2/2 + 3. Let i(j) be the second derivative of u(j). Suppose 23 = -9*v - 13. Determine i(v).
-13
Let g(r) = 3*r**2 + 2*r + 1. Suppose -17 = -l - 19. What is g(l)?
9
Let y(x) = x**3 + 12*x**2 + 10*x - 3. Suppose -103*r + 66 = -109*r. Give y(r).
8
Suppose -5*t + 94 = 2*d - 4*t, 3*d = 4*t + 152. Let x = d + -48. Let n(w) = -w**3 + w**2 - w - 8. Calculate n(x).
-8
Let t(y) = 2*y + 3*y - 4*y. Suppose -3*o = g - 20 - 18, -4*o + 3*g + 42 = 0. Suppose 0 = 3*l + l - o. Give t(l).
3
Let m(n) = 3*n + 3. Let t(z) = -1. Let k(f) = -m(f) + 4*t(f). Let q be (63/4)/((-5)/4 - -1). Let c = q - -57. Calculate k(c).
11
Suppose -4*y - 3*r + 108 = 0, 4*r + 69 + 12 = 3*y. Let o = y + -2. Let g(i) = -54 - 8*i + 29 + o. Determine g(1).
-8
Let c(h) be the first derivative of -h**4/24 - h**3/6 + h**2 + 17. Let d(b) be the second derivative of c(b). Let o = -5 + 1. Calculate d(o).
3
Let f(j) be the first derivative of 0*j + 1/360*j**6 - 5/3*j**3 + 0*j**2 - 10 + 1/3*j**4 - 1/120*j**5. Let y(i) be the third derivative of f(i). What is y(0)?
8
Let c(s) = 16*s - 8. Let u be -12 + 14 - (-48)/(-8). Determine c(u).
-72
Let c(a) = 2*a + a - 2*a**2 + 4 - 5 - a**3. Let m(l) = 4*l**2 - 151*l - 36. Let h be m(38). What is c(h)?
-11
Let c(n) = 2*n**3 + 38*n**2 - 12*n + 20. Let z(y) = 2*y**3 + 32*y**2 - 11*y + 20. Let o(m) = 8*c(m) - 9*z(m). Give o(8).
4
Suppose 2*o = -4*l - 3*o - 471, l + 114 = -5*o. Let f = l - -111. Let p(w) = -w**3 - 9*w**2 - 6*w + 7. Calculate p(f).
-9
Let j = 46 - 44. Let y(u) = -u**2 - u + 2. What is y(j)?
-4
Suppose 2*c = -1 + 9. Let u(p) = 2*p - 5. What is u(c)?
3
Let r(n) = 233 - n - 484 + 236. What is r(-6)?
-9
Let q(j) be the first derivative of -2*j**3/3 - 3*j**2/2 + 2*j - 51. Determine q(-3).
-7
Let q(z) = -z + 3. Suppose -4*g - 5*s + 3 = 0, 3*s + 6 = -2*g - 3*g. Calculate q(g).
6
Let f(a) = 2*a - 8. Let p = 270 - 262. Calculate f(p).
8
Let j(r) = r + 7. Suppose 0 = m - 14 - 10. Let g be ((-4)/10)/(m/30)*12. Give j(g).
1
Let r = 242 + -237. Let q(v) = v**2 - 2*v - 1. What is q(r)?
14
Let g(w) = 10*w - 4*w + 0 + 1. Suppose -2*s + 31 = -5*v, s - 23 = 4*v - 9*v. Let q = s - 19. Determine g(q).
-5
Let j(h) = 3*h**3 + 3*h**2 + 3*h. Let u(v) = 7*v**3 + 7*v**2 + 8*v. Let z(m) = 5*j(m) - 2*u(m). Suppose 4 = -4*k - 4*t - 12, 0 = -2*k + 3*t + 17. What is z(k)?
1
Suppose 4*a = a + s + 9, -3*a - 4*s - 6 = 0. Suppose -b + 25 = 5*f + a*b, -4*f = -5*b + 17. Let m(p) = 2*p + 6 + 5*p - 3*p**f - p**3 - 4*p - 4. Determine m(-3).
-7
Let b(w) be the second derivative of -w**3/6 + 13*w**2/2 - w. Let k be b(11). Let i(f) = 2*f. Let y(t) = -t. Let s(m) = k*i(m) + 3*y(m). Determine s(6).
6
Let z = 16 + -14. Let d(k) = k**z + 11 - 5 + 5*k + 2*k. Let o be 3*4/(-3)*1. What is d(o)?
-6
Let a(f) = -3*f**3 - 9*f**2 + 2*f + 9. Let u(q) = -4*q**3 - 9*q**2 + 3*q + 9. Let b(s) = 3*a(s) - 2*u(s). Give b(-9).
9
Let x(m) be the first derivative of -m**4/4 - 4*m**3/3 + 3*m**2 - 7*m + 111. Determine x(-5).
-12
Let q(z) = -4*z**3 + z. Let o be q(1). Let p be (2 - 3) + o/3. Let j(f) be the third derivative of -f**6/60 - f**5/20 - f**4/8 + 3*f**2. What is j(p)?
10
Let i(h) be the third derivative of -h**7/840 + h**6/120 + h**4/12 - 4*h**3/3 + 12*h**2. Let x(t) be the first derivative of i(t). What is x(4)?
-14
Let s(v) be the second derivative of v**4/12 - v**3/2 - 3*v**2 - v. Let m(u) = u**2 - 6*u + 1. Let k be m(7). Suppose -3 = d - k. Determine s(d).
4
Let s(h) be the second derivative of -h**3/6 + 2*h**2 - 16*h. Let j = -33 - -33. Determine s(j).
4
Let q(o) = -9*o + 17 - o**2 + 3 - 39 + 2. Give q(-4).
3
Let r(i) be the second derivative of -i**5/20 - 7*i**4/12 - i**3/3 + 5*i**2/2 - 131*i. Determine r(-5).
-35
Let u(i) = -4*i + 1. Suppose 4*v - 43 - 17 = 0. Let a = v + -10. Let r be a/(-10) + (-21)/(-6). Determine u(r).
-11
Suppose 0 = 13*j - 10*j - 12. Let n(p) = 5*p + 2*p - p**2 - 4*p + j*p. Calculate n(6).
6
Let o(s) = -s**3 + 7*s**2 + 7. Let n(k) = 4*k**3 - 28*k**2 - 30. Let u(h) = -2*n(h) - 9*o(h). Calculate u(7).
-3
Let x(j) = -13*j**3 + 3*j**2 - 7*j - 6. Let h(d) = -6*d**3 + d**2 - 3*d - 2. Let g(p) = 5*h(p) - 2*x(p). What is g(2)?
-36
Let g be 3/4 - (-150)/24. Let d(c) be the third derivative of c**5/60 - c**4/4 - 91*c**2. Give d(g).
7
Let u(s) = 1 + 0 + 2*s - 2*s**2 - 4*s. Suppose -631 = -3*g - 0*g - 5*p, -5*p - 1025 = -5*g. Suppose 0 = 4*f - 199 + g. Give u(f).
-3
Let d(h) = -h**2 - 8*h - 11. Let l be d(-6). Let w(b) = l - 42*b**3 + 9*b**3 + 2*